re the prime factors of g?
2, 11
Let g(z) = z**2 - 2*z + 238. Let r be g(0). Let h be r/63 - 2/(-9). Suppose -2*j + 52 = -h. What are the prime factors of j?
2, 7
List the prime factors of (-4)/(8/(-2)) + 320 + 5.
2, 163
Let z(o) = o**2 + 10*o - 15. Suppose -4*d + 36 = -4*h, 0*d = -4*h + 2*d - 44. Let v be z(h). Suppose v = q + q. List the prime factors of q.
2, 3
Suppose 5*d + 85 = -5*c, 2*d + 2 = d. Let r be 146/(-6) - (-2)/(-3). Let q = c - r. What are the prime factors of q?
2, 5
Let h(d) = d**3 + 12*d**2 - 2*d - 22. Let b be h(-12). List the prime factors of (-2)/3 + (b - 1280/(-12)).
2, 3
Let i = -58 + 62. Suppose -i*o + 6*o - 5*f - 492 = 0, -f - 712 = -3*o. What are the prime factors of o?
2, 59
What are the prime factors of 21/(-42)*(-388 + -2)?
3, 5, 13
Let y = -15 - 25. Let f = y + 76. List the prime factors of f.
2, 3
Let t = 3252 + -1940. What are the prime factors of t?
2, 41
Suppose -4*r + 400 = 4*j - r, 3*j + r = 295. What are the prime factors of (-1)/(-2) - (j/(-2) + 0)?
7
Let h = 29 - 19. Let y = 13 - h. What are the prime factors of y + ((-75)/(-3) - 0)?
2, 7
Let h(n) be the second derivative of n**3/6 + 83*n**2/2 + 44*n. List the prime factors of h(-27).
2, 7
Suppose y + 3 - 189 = 0. Let q be (-8)/32 + y/8. Let c = 39 + q. What are the prime factors of c?
2, 31
Let h(k) = 81*k**2 + 3*k + 13. What are the prime factors of h(-3)?
733
Suppose 0 = -0*z + 5*z + 5*x - 5, -2*z - 5*x = 4. Suppose -z*q - 4*q + 910 = 0. List the prime factors of q.
2, 5, 13
Suppose -3*a + 352 = 4*x, 0 = 3*a - 5*x - 0*x - 397. Suppose -3*u = -7*u + a. Suppose -u = -r - 4. What are the prime factors of r?
3
Suppose -2*k - a + 1458 = 3*a, 4*k + 5*a - 2919 = 0. What are the prime factors of k?
17, 43
Let s(k) = 5*k - 4. Let u(i) = -30*i + 25. Let x(g) = 25*s(g) + 4*u(g). Let a be x(-1). List the prime factors of -7*(a + -2 + 4).
3, 7
Let j(b) = -21*b - 1. Let d be j(-5). Suppose -3*m + 93 = -3*l, l - d = -3*m - m. List the prime factors of m.
3
Let m be 1/(-3 - (-4 + 516/519)). Let i = 433 - m. What are the prime factors of i?
2, 5, 13
Let m(d) = d**3 + d**2 + 4. Let s be m(-2). What are the prime factors of 13 - (s/3 + -4)?
17
Let w be ((-12)/(-21))/(6/(-147)). Let y = -41 - -20. What are the prime factors of -1 - y - w/14?
3, 7
Let g(c) = -c**3 - 2*c**2 + 20*c + 3. Suppose -6*d = 2*d + 64. List the prime factors of g(d).
227
Let u(h) = 5*h**2 + 7*h + 30. What are the prime factors of u(-12)?
2, 3, 37
Suppose 5*x = -2*l - 15, -3*l - 13 + 3 = 5*x. Let w = 17 + x. What are the prime factors of 176/w - 3/(-9)?
3, 5
Let n = -1551 - -2603. List the prime factors of n.
2, 263
Let m(c) = -c**3 - 4*c**2 + c + 1. Let k be m(-4). Let h be (2/k)/((-8)/(-36)). List the prime factors of 140/12*(0 - h).
5, 7
Let a = -82 - -329. What are the prime factors of a?
13, 19
Let c be 2/2 - 2*573/(-6). Let r = -133 + c. List the prime factors of r.
59
Let s(i) = 67*i - 245. What are the prime factors of s(13)?
2, 313
Suppose -7*s = 158 + 52. Let q = s - -250. What are the prime factors of q?
2, 5, 11
Suppose 74 = -8*r + 266. List the prime factors of r/18 + 701/3.
5, 47
Suppose -2*z - 1 = -7. Let d(c) = -4 + c**3 - 6*c - 5*c**2 + 2*c + 0*c**z. List the prime factors of d(6).
2
Suppose -2*u + 51 + 21 = 0. Let f = 73 + u. List the prime factors of f.
109
Let i(m) = -m**3 - m**2 + 2*m + 941. List the prime factors of i(0).
941
Let t(i) = 7*i**2 + 6*i - 1. Let w = 17 - 21. List the prime factors of t(w).
3, 29
Let j be (-2)/8 + (-157)/(-4). Let v = -226 - -247. Suppose -5*q + j = -v. List the prime factors of q.
2, 3
Suppose 0 = -0*v + 3*v - 3*g - 6, 2*g + 13 = 5*v. Suppose 0 = h - 5*p + 18, v*p = -2*h - 0*p + 16. What are the prime factors of (-48)/(-32)*11*h?
3, 11
Let j be (-6)/21 - 4/(-14). What are the prime factors of (j + 2 - 26)*8/(-16)?
2, 3
Let a = 1265 + 1140. List the prime factors of a.
5, 13, 37
Suppose 0 = 4*f + 8 - 12, -f = -3*a + 1508. List the prime factors of a.
503
Let s be (-4)/(-18) - (-2 - (-175)/(-63)). Suppose -s*j + 4*d = -512, -117 - 271 = -4*j - 4*d. List the prime factors of j.
2, 5
Let g = -21 + 26. Suppose k - 3*k - 15 = -3*u, -g*k - u = 12. List the prime factors of (15 - k) + -1 + 5.
2, 11
Let m = -143 + 167. Suppose 4*r - 246 = -2*u, -413 = -4*r - 5*u - 158. Suppose -5*q + m = 2*a - 3*q, 2*q = 4*a - r. List the prime factors of a.
2, 7
Let d = -4 - -8. Let k(p) = -2*p**2 + d - 4*p**3 + 8*p**3 + 7*p**2 - 3*p**3 - 2*p. What are the prime factors of k(-5)?
2, 7
Let j be -4 + (-6)/2 + 72. Let t = j - 32. What are the prime factors of t?
3, 11
What are the prime factors of (-18)/(-6) - 1/(1/(-525))?
2, 3, 11
Let t = 232 + -326. Let d = 1 - t. What are the prime factors of d?
5, 19
Let r be (-26)/(-13) - (1 - 3). Suppose 0 = -5*y + 3*d + 881, 2*y - r*d = 234 + 110. List the prime factors of y.
2, 89
Suppose -2*o - 110 = -5*x - 7*o, -2*o - 110 = -5*x. Suppose -x = -4*h + 2. Suppose -5*j + 3*w + 53 = 0, -3*w = j - 1 - h. List the prime factors of j.
2, 5
Let y = -56 - -31. Let a be ((-4)/(-5))/((-1)/y). Suppose 2*w - a = -5*f, 2*w = 6*w - 3*f - 14. What are the prime factors of w?
5
Let k(j) = 11*j**2 - 14*j + 102. List the prime factors of k(14).
2, 1031
Let p = -4 + -2. Let u be (4/p)/((-1)/(-3)). List the prime factors of ((-1)/u)/(7/126).
3
Suppose -6*m - 4*k = -3*m - 7772, 0 = -m + 6*k + 2554. List the prime factors of m.
2, 17, 19
Let d be 1 + 2 + -1 + 2. Suppose -4*z = -0*z - 5*p + 13, -d*z - 9 = -p. List the prime factors of z*(1/(-2) - 4).
3
What are the prime factors of -2*3870/(-40)*12?
2, 3, 43
What are the prime factors of 46548/(-90)*(-10)/4?
3, 431
Suppose -5*l = 2*t - 0*t - 409, -421 = -2*t - l. Suppose -4*w + r = 5*r - t, 3*w - 119 = 5*r. Let j = -9 + w. What are the prime factors of j?
3, 13
What are the prime factors of (4 - -138)/(32/688)?
43, 71
Let b(h) = h**3 + 2*h**2 - 5*h - 3. Let w be b(-3). Suppose w*g + o - 27 = 0, -g + 5*o - 7 = -0*g. Let y(x) = 3*x - 6. What are the prime factors of y(g)?
2, 3
Let a(h) = -h**3 - 23*h**2 - 22*h + 43. Let y be a(-22). Suppose y*r = 40*r + 402. List the prime factors of r.
2, 67
Suppose -14*h + 3 = -17*h. What are the prime factors of ((-340)/30)/(h/6)?
2, 17
Suppose -304 = -2*l + 3*j, -4*l + 2*j + 606 = -3*j. Suppose 2*p = 2, i + p = -i + l. List the prime factors of i.
2, 37
Suppose -4*d = -5*f + 2228, -433 = -f - 0*f + 5*d. List the prime factors of 9/(-2)*f/(-24).
2, 3, 7
Let w = -632 + 1262. What are the prime factors of w?
2, 3, 5, 7
Let g be 1 + 3 + -9 + 120/10. Let m(n) = -n**3 + 8*n**2 + 9*n - 16. List the prime factors of m(g).
2, 3
Let n(s) be the second derivative of s**4/12 + 7*s**3/6 + 6*s**2 - 14*s. List the prime factors of n(-13).
2, 3, 5
Suppose -18*s + 14*s + 636 = 0. Suppose s = -5*c + 559. What are the prime factors of c?
2, 5
Let g = -1186 - -2420. What are the prime factors of g?
2, 617
Let u = 18 + -27. Let s = -12 - u. Let i(b) = b**3 + 5*b**2 - 5*b - 2. List the prime factors of i(s).
31
Let x = -4500 - -8120. List the prime factors of x.
2, 5, 181
Let f(l) = -4*l - 8*l - 7*l + 4*l. Let r be f(2). Let h = r - -64. List the prime factors of h.
2, 17
Suppose 4*i = 2*d - 6, d + 0 = 5*i + 3. Suppose 11 = o - d. Suppose o + 16 = 2*l. List the prime factors of l.
3, 5
Let l(f) = f + 7. Let b = -1 + -15. Let x be l(b). Let n = x - -52. List the prime factors of n.
43
Let p(g) = -4*g + 28. Let y be p(7). Suppose y = 4*c + 5*d - 242, c - d = 4*d + 48. List the prime factors of c.
2, 29
Suppose -5*c + q = -0*q - 8707, 3*q - 1735 = -c. What are the prime factors of c?
1741
Let n be (-6)/15 + (-1116)/(-15). Suppose 3*l = -v + n, 2*l - 40 = 2*v - 164. List the prime factors of v.
5, 13
Suppose -5*a = 5*a - 240. List the prime factors of (5 - 251)*(a/(-9) + 2).
2, 41
Let g(w) = w - 5. Let o be g(5). Suppose p + 2 = -0*p - 3*l, -l + 2 = o. Let m(k) = k**2 + 4*k - 4. List the prime factors of m(p).
2, 7
Suppose -2*g = -5*o - 4112, 13*g + 2*o = 10*g + 6130. What are the prime factors of g?
2, 3, 11, 31
Let i be (-2 - 84/(-4))*-1. Let h = -16 - i. Suppose -2*w = 8, 8*w + 12 = -2*s + h*w. What are the prime factors of s?
2
Let m be 60/14 + 4/(-14). What are the prime factors of m + -2 + 2 - (3 - 4)?
5
Suppose -5*w = -10 - 55. Suppose 5*i - 26 = -2*t, 0*i + 4*i - w = t. Suppose 2*l +